{"id":1873,"date":"2024-10-05T21:39:20","date_gmt":"2024-10-05T19:39:20","guid":{"rendered":"https:\/\/produccionssubmarines.com\/?post_type=artistes&#038;p=1873"},"modified":"2024-10-05T21:42:31","modified_gmt":"2024-10-05T19:42:31","slug":"pep-de-la-tona","status":"publish","type":"artistes","link":"https:\/\/produccionssubmarines.com\/es\/artistas\/pep-de-la-tona\/","title":{"rendered":"Pep de la Tona"},"content":{"rendered":"\n<p>El Temps de la Calor es el primer disco de Pep de la Tona, el proyecto de Josep Nadal (La Gossa Sorda) y H\u00e9ctor Peropadre (Aspencat). Con 12 canciones que combinan ska, reggae, rock, tecno y m\u00fasica urbana, Josep Nadal regresa a<br>la m\u00fasica tras 8 a\u00f1os en las Cortes Valencianas. El disco cuenta con colaboraciones de Jazzwoman, La Maria, Jonatan Penalba, \u00c0lex Segu\u00ed, Arnau Gim\u00e9nez y Ses. Las letras tratan temas como el cambio clim\u00e1tico, la turistificaci\u00f3n, la explotaci\u00f3n laboral y la degradaci\u00f3n del territorio, al tiempo que celebran la memoria hist\u00f3rica y el aprecio por los pueblos.<\/p>\n","protected":false},"template":"","class_list":["post-1873","artistes","type-artistes","status-publish","hentry"],"acf":[],"yoast_head":"<!-- This site is optimized with the Yoast SEO plugin v26.7 - https:\/\/yoast.com\/wordpress\/plugins\/seo\/ -->\n<title>Pep de la Tona - Produccions Submarines<\/title>\n<meta name=\"robots\" content=\"index, follow, max-snippet:-1, max-image-preview:large, max-video-preview:-1\" \/>\n<link rel=\"canonical\" href=\"https:\/\/produccionssubmarines.com\/es\/artistas\/pep-de-la-tona\/\" \/>\n<meta property=\"og:locale\" content=\"es_ES\" \/>\n<meta property=\"og:type\" content=\"article\" \/>\n<meta property=\"og:title\" content=\"Pep de la Tona - Produccions Submarines\" \/>\n<meta property=\"og:description\" content=\"El Temps de la Calor es el primer disco de Pep de la Tona, el proyecto de Josep Nadal (La Gossa Sorda) y H\u00e9ctor Peropadre (Aspencat). Con 12 canciones que combinan ska, reggae, rock, tecno y m\u00fasica urbana, Josep Nadal regresa ala m\u00fasica tras 8 a\u00f1os en las Cortes Valencianas. El disco cuenta con colaboraciones [&hellip;]\" \/>\n<meta property=\"og:url\" content=\"https:\/\/produccionssubmarines.com\/es\/artistas\/pep-de-la-tona\/\" \/>\n<meta property=\"og:site_name\" content=\"Produccions Submarines\" \/>\n<meta property=\"article:publisher\" content=\"https:\/\/es-es.facebook.com\/ProduccionsSubmarines\/\" \/>\n<meta property=\"article:modified_time\" content=\"2024-10-05T19:42:31+00:00\" \/>\n<meta name=\"twitter:card\" content=\"summary_large_image\" \/>\n<meta name=\"twitter:label1\" content=\"Tiempo de lectura\" \/>\n\t<meta name=\"twitter:data1\" content=\"1 minuto\" \/>\n<script type=\"application\/ld+json\" class=\"yoast-schema-graph\">{\"@context\":\"https:\/\/schema.org\",\"@graph\":[{\"@type\":\"WebPage\",\"@id\":\"https:\/\/produccionssubmarines.com\/es\/artistas\/pep-de-la-tona\/\",\"url\":\"https:\/\/produccionssubmarines.com\/es\/artistas\/pep-de-la-tona\/\",\"name\":\"Pep de la Tona - Produccions Submarines\",\"isPartOf\":{\"@id\":\"https:\/\/produccionssubmarines.com\/es\/#website\"},\"datePublished\":\"2024-10-05T19:39:20+00:00\",\"dateModified\":\"2024-10-05T19:42:31+00:00\",\"breadcrumb\":{\"@id\":\"https:\/\/produccionssubmarines.com\/es\/artistas\/pep-de-la-tona\/#breadcrumb\"},\"inLanguage\":\"es\",\"potentialAction\":[{\"@type\":\"ReadAction\",\"target\":[\"https:\/\/produccionssubmarines.com\/es\/artistas\/pep-de-la-tona\/\"]}]},{\"@type\":\"BreadcrumbList\",\"@id\":\"https:\/\/produccionssubmarines.com\/es\/artistas\/pep-de-la-tona\/#breadcrumb\",\"itemListElement\":[{\"@type\":\"ListItem\",\"position\":1,\"name\":\"Inici\",\"item\":\"https:\/\/produccionssubmarines.com\/es\/\"},{\"@type\":\"ListItem\",\"position\":2,\"name\":\"Artistes\",\"item\":\"https:\/\/produccionssubmarines.com\/es\/artistas\/\"},{\"@type\":\"ListItem\",\"position\":3,\"name\":\"Pep de la Tona\"}]},{\"@type\":\"WebSite\",\"@id\":\"https:\/\/produccionssubmarines.com\/es\/#website\",\"url\":\"https:\/\/produccionssubmarines.com\/es\/\",\"name\":\"Produccions Submarines\",\"description\":\"Empresa de Management Musical\",\"publisher\":{\"@id\":\"https:\/\/produccionssubmarines.com\/es\/#organization\"},\"potentialAction\":[{\"@type\":\"SearchAction\",\"target\":{\"@type\":\"EntryPoint\",\"urlTemplate\":\"https:\/\/produccionssubmarines.com\/es\/?s={search_term_string}\"},\"query-input\":{\"@type\":\"PropertyValueSpecification\",\"valueRequired\":true,\"valueName\":\"search_term_string\"}}],\"inLanguage\":\"es\"},{\"@type\":\"Organization\",\"@id\":\"https:\/\/produccionssubmarines.com\/es\/#organization\",\"name\":\"Produccions Submarines\",\"alternateName\":\"Empresa Management Musical\",\"url\":\"https:\/\/produccionssubmarines.com\/es\/\",\"logo\":{\"@type\":\"ImageObject\",\"inLanguage\":\"es\",\"@id\":\"https:\/\/produccionssubmarines.com\/es\/#\/schema\/logo\/image\/\",\"url\":\"https:\/\/produccionssubmarines.com\/wp-content\/uploads\/2023\/06\/cropped-isotipo.png\",\"contentUrl\":\"https:\/\/produccionssubmarines.com\/wp-content\/uploads\/2023\/06\/cropped-isotipo.png\",\"width\":512,\"height\":512,\"caption\":\"Produccions Submarines\"},\"image\":{\"@id\":\"https:\/\/produccionssubmarines.com\/es\/#\/schema\/logo\/image\/\"},\"sameAs\":[\"https:\/\/es-es.facebook.com\/ProduccionsSubmarines\/\",\"https:\/\/www.instagram.com\/produccions_submarines\/\"]}]}<\/script>\n<!-- \/ Yoast SEO plugin. -->","yoast_head_json":{"title":"Pep de la Tona - Produccions Submarines","robots":{"index":"index","follow":"follow","max-snippet":"max-snippet:-1","max-image-preview":"max-image-preview:large","max-video-preview":"max-video-preview:-1"},"canonical":"https:\/\/produccionssubmarines.com\/es\/artistas\/pep-de-la-tona\/","og_locale":"es_ES","og_type":"article","og_title":"Pep de la Tona - Produccions Submarines","og_description":"El Temps de la Calor es el primer disco de Pep de la Tona, el proyecto de Josep Nadal (La Gossa Sorda) y H\u00e9ctor Peropadre (Aspencat). Con 12 canciones que combinan ska, reggae, rock, tecno y m\u00fasica urbana, Josep Nadal regresa ala m\u00fasica tras 8 a\u00f1os en las Cortes Valencianas. El disco cuenta con colaboraciones [&hellip;]","og_url":"https:\/\/produccionssubmarines.com\/es\/artistas\/pep-de-la-tona\/","og_site_name":"Produccions Submarines","article_publisher":"https:\/\/es-es.facebook.com\/ProduccionsSubmarines\/","article_modified_time":"2024-10-05T19:42:31+00:00","twitter_card":"summary_large_image","twitter_misc":{"Tiempo de lectura":"1 minuto"},"schema":{"@context":"https:\/\/schema.org","@graph":[{"@type":"WebPage","@id":"https:\/\/produccionssubmarines.com\/es\/artistas\/pep-de-la-tona\/","url":"https:\/\/produccionssubmarines.com\/es\/artistas\/pep-de-la-tona\/","name":"Pep de la Tona - Produccions Submarines","isPartOf":{"@id":"https:\/\/produccionssubmarines.com\/es\/#website"},"datePublished":"2024-10-05T19:39:20+00:00","dateModified":"2024-10-05T19:42:31+00:00","breadcrumb":{"@id":"https:\/\/produccionssubmarines.com\/es\/artistas\/pep-de-la-tona\/#breadcrumb"},"inLanguage":"es","potentialAction":[{"@type":"ReadAction","target":["https:\/\/produccionssubmarines.com\/es\/artistas\/pep-de-la-tona\/"]}]},{"@type":"BreadcrumbList","@id":"https:\/\/produccionssubmarines.com\/es\/artistas\/pep-de-la-tona\/#breadcrumb","itemListElement":[{"@type":"ListItem","position":1,"name":"Inici","item":"https:\/\/produccionssubmarines.com\/es\/"},{"@type":"ListItem","position":2,"name":"Artistes","item":"https:\/\/produccionssubmarines.com\/es\/artistas\/"},{"@type":"ListItem","position":3,"name":"Pep de la Tona"}]},{"@type":"WebSite","@id":"https:\/\/produccionssubmarines.com\/es\/#website","url":"https:\/\/produccionssubmarines.com\/es\/","name":"Produccions Submarines","description":"Empresa de Management Musical","publisher":{"@id":"https:\/\/produccionssubmarines.com\/es\/#organization"},"potentialAction":[{"@type":"SearchAction","target":{"@type":"EntryPoint","urlTemplate":"https:\/\/produccionssubmarines.com\/es\/?s={search_term_string}"},"query-input":{"@type":"PropertyValueSpecification","valueRequired":true,"valueName":"search_term_string"}}],"inLanguage":"es"},{"@type":"Organization","@id":"https:\/\/produccionssubmarines.com\/es\/#organization","name":"Produccions Submarines","alternateName":"Empresa Management Musical","url":"https:\/\/produccionssubmarines.com\/es\/","logo":{"@type":"ImageObject","inLanguage":"es","@id":"https:\/\/produccionssubmarines.com\/es\/#\/schema\/logo\/image\/","url":"https:\/\/produccionssubmarines.com\/wp-content\/uploads\/2023\/06\/cropped-isotipo.png","contentUrl":"https:\/\/produccionssubmarines.com\/wp-content\/uploads\/2023\/06\/cropped-isotipo.png","width":512,"height":512,"caption":"Produccions Submarines"},"image":{"@id":"https:\/\/produccionssubmarines.com\/es\/#\/schema\/logo\/image\/"},"sameAs":["https:\/\/es-es.facebook.com\/ProduccionsSubmarines\/","https:\/\/www.instagram.com\/produccions_submarines\/"]}]}},"_links":{"self":[{"href":"https:\/\/produccionssubmarines.com\/es\/wp-json\/wp\/v2\/artistes\/1873","targetHints":{"allow":["GET"]}}],"collection":[{"href":"https:\/\/produccionssubmarines.com\/es\/wp-json\/wp\/v2\/artistes"}],"about":[{"href":"https:\/\/produccionssubmarines.com\/es\/wp-json\/wp\/v2\/types\/artistes"}],"wp:attachment":[{"href":"https:\/\/produccionssubmarines.com\/es\/wp-json\/wp\/v2\/media?parent=1873"}],"curies":[{"name":"wp","href":"https:\/\/api.w.org\/{rel}","templated":true}]}}

<p>El Temps de la Calor es el primer disco de Pep de la Tona, el proyecto de Josep Nadal (La Gossa Sorda) y Héctor Peropadre (Aspencat). Con 12 canciones que combinan ska, reggae, rock, tecno y música urbana, Josep Nadal regresa a<br>la música tras 8 años en las Cortes Valencianas. El disco cuenta con colaboraciones de Jazzwoman, La Maria, Jonatan Penalba, Àlex Seguí, Arnau Giménez y Ses. Las letras tratan temas como el cambio climático, la turistificación, la explotación laboral y la degradación del territorio, al tiempo que celebran la memoria histórica y el aprecio por los pueblos.</p>

<!-- This site is optimized with the Yoast SEO plugin v26.7 - https://yoast.com/wordpress/plugins/seo/ -->
<title>Pep de la Tona - Produccions Submarines</title>
<meta name="robots" content="index, follow, max-snippet:-1, max-image-preview:large, max-video-preview:-1" />
<link rel="canonical" href="https://produccionssubmarines.com/es/artistas/pep-de-la-tona/" />
<meta property="og:locale" content="es_ES" />
<meta property="og:type" content="article" />
<meta property="og:title" content="Pep de la Tona - Produccions Submarines" />
<meta property="og:description" content="El Temps de la Calor es el primer disco de Pep de la Tona, el proyecto de Josep Nadal (La Gossa Sorda) y Héctor Peropadre (Aspencat). Con 12 canciones que combinan ska, reggae, rock, tecno y música urbana, Josep Nadal regresa ala música tras 8 años en las Cortes Valencianas. El disco cuenta con colaboraciones [&hellip;]" />
<meta property="og:url" content="https://produccionssubmarines.com/es/artistas/pep-de-la-tona/" />
<meta property="og:site_name" content="Produccions Submarines" />
<meta property="article:publisher" content="https://es-es.facebook.com/ProduccionsSubmarines/" />
<meta property="article:modified_time" content="2024-10-05T19:42:31+00:00" />
<meta name="twitter:card" content="summary_large_image" />
<meta name="twitter:label1" content="Tiempo de lectura" />
	<meta name="twitter:data1" content="1 minuto" />
<script type="application/ld+json" class="yoast-schema-graph">{"@context":"https://schema.org","@graph":[{"@type":"WebPage","@id":"https://produccionssubmarines.com/es/artistas/pep-de-la-tona/","url":"https://produccionssubmarines.com/es/artistas/pep-de-la-tona/","name":"Pep de la Tona - Produccions Submarines","isPartOf":{"@id":"https://produccionssubmarines.com/es/#website"},"datePublished":"2024-10-05T19:39:20+00:00","dateModified":"2024-10-05T19:42:31+00:00","breadcrumb":{"@id":"https://produccionssubmarines.com/es/artistas/pep-de-la-tona/#breadcrumb"},"inLanguage":"es","potentialAction":[{"@type":"ReadAction","target":["https://produccionssubmarines.com/es/artistas/pep-de-la-tona/"]}]},{"@type":"BreadcrumbList","@id":"https://produccionssubmarines.com/es/artistas/pep-de-la-tona/#breadcrumb","itemListElement":[{"@type":"ListItem","position":1,"name":"Inici","item":"https://produccionssubmarines.com/es/"},{"@type":"ListItem","position":2,"name":"Artistes","item":"https://produccionssubmarines.com/es/artistas/"},{"@type":"ListItem","position":3,"name":"Pep de la Tona"}]},{"@type":"WebSite","@id":"https://produccionssubmarines.com/es/#website","url":"https://produccionssubmarines.com/es/","name":"Produccions Submarines","description":"Empresa de Management Musical","publisher":{"@id":"https://produccionssubmarines.com/es/#organization"},"potentialAction":[{"@type":"SearchAction","target":{"@type":"EntryPoint","urlTemplate":"https://produccionssubmarines.com/es/?s={search_term_string}"},"query-input":{"@type":"PropertyValueSpecification","valueRequired":true,"valueName":"search_term_string"}}],"inLanguage":"es"},{"@type":"Organization","@id":"https://produccionssubmarines.com/es/#organization","name":"Produccions Submarines","alternateName":"Empresa Management Musical","url":"https://produccionssubmarines.com/es/","logo":{"@type":"ImageObject","inLanguage":"es","@id":"https://produccionssubmarines.com/es/#/schema/logo/image/","url":"https://produccionssubmarines.com/wp-content/uploads/2023/06/cropped-isotipo.png","contentUrl":"https://produccionssubmarines.com/wp-content/uploads/2023/06/cropped-isotipo.png","width":512,"height":512,"caption":"Produccions Submarines"},"image":{"@id":"https://produccionssubmarines.com/es/#/schema/logo/image/"},"sameAs":["https://es-es.facebook.com/ProduccionsSubmarines/","https://www.instagram.com/produccions_submarines/"]}]}</script>
<!-- / Yoast SEO plugin. -->

El Temps de la Calor es el primer disco de Pep de la Tona, el proyecto de Josep Nadal (La Gossa Sorda) y Héctor Peropadre (Aspencat). Con 12 canciones que combinan ska, reggae, rock, tecno y música urbana, Josep Nadal regresa ala música tras 8 años en las Cortes Valencianas. El disco cuenta con colaboraciones [&hellip;]
