{"id":1389,"date":"2023-03-08T16:58:03","date_gmt":"2023-03-08T14:58:03","guid":{"rendered":"http:\/\/www.produccions.com.mialias.net\/?post_type=artistes&#038;p=1389"},"modified":"2023-03-09T09:59:14","modified_gmt":"2023-03-09T07:59:14","slug":"arc-de-triomf","status":"publish","type":"artistes","link":"https:\/\/produccionssubmarines.com\/es\/artistas\/arc-de-triomf\/","title":{"rendered":"Arc de Triomf"},"content":{"rendered":"\n<p>Arc de Triomf nace en el 2018 cuando los hermanos Olek y Wojtek Burek, que con m\u00e1s de 10 a\u00f1os juntos de bagaje en los escenarios y giras internacionales con el grupo Daylight (2004-2016), unen fuerzas con V\u00edctor Vera, Noel Campillo, Joan Biosca, Arnau Morell y Gerard Serrano para hacer m\u00fasica festiva y alegre. <\/p>\n\n\n\n<p>La personalidad del grupo es bien palpable, ya que su energ\u00eda se ha contagiado a fiestas populares, festivales y salas de toda la geograf\u00eda Catalana con su primer LP \u00abNascuts per Molestar\u00bb (febrero de 2020), donde los ADT hacen un c\u00f3ctel de sus influencias jugando con ritmos de Rock y Mestizaje con una finalidad clara: las actuaciones en directo. Singles como \u00abPer Un M\u00f3n\u00bb o \u00abL&#8217;estiu Torna de Nou\u00bb reciben una amplia exposici\u00f3n radiof\u00f3nica en los principales medios de los pa\u00edses catalanes con apariciones en televisi\u00f3n, actos culturales y una nominaci\u00f3n a Mejor \u00c1lbum de Pop-Rock de los premios Enderrock 2023.<br>Despu\u00e9s de firmar con Produccions Submarines, emprenden una gira extensa que les lleva por escenarios de todo el territorio agotando entradas en la ciudad de Barcelona y encendiendo las fiestas mayores de todas partes con un final de gira emocionante en el Estadio Ol\u00edmpico Llu\u00efs Companys durante las fiestas de la Merc\u00e8.<\/p>\n\n\n\n<p>En junio del a\u00f1o 2021, los Arc de Triomf firman con la discogr\u00e1fica M\u00fasica Global y comienzan a trabajar en su pr\u00f3ximo proyecto: \u00abBales Perdudes\u00bb. 10 piezas escritas por los hermanos Burek que producen en familia con Noel Campillo en el estudio \u00abLa Vall\u00bb.<br>Durante el a\u00f1o 2022 el grupo publica anticipos con videoclip de canciones como \u00abLa Matinada\u00bb, \u00abPols Estelar \u00bb o \u00abVuelva a encontrar\u00bb y recorren 20 ciudades, descargando toda la energ\u00eda e intensidad en un show lleno de luz y espect\u00e1culo que hace bailar plazas y festivales. <\/p>\n\n\n\n<p>Su \u00faltimo single \u00ab\u00bfDe qu\u00e8 Vas?\u00bb da el pistoletazo de salida al a\u00f1o 2023 que promete que sea muy intenso por los ADT que actuar\u00e1n en escenarios internacionales en Eslovenia, Holanda y Suiza adem\u00e1s de recorrer, una vez m\u00e1s todo el territorio catal\u00e1n. <br>\u00a1Est\u00e1 invitado!<\/p>\n","protected":false},"template":"","class_list":["post-1389","artistes","type-artistes","status-publish","hentry"],"acf":[],"yoast_head":"<!-- This site is optimized with the Yoast SEO plugin v26.7 - https:\/\/yoast.com\/wordpress\/plugins\/seo\/ -->\n<title>Arc de Triomf - Produccions Submarines<\/title>\n<meta name=\"robots\" content=\"index, follow, max-snippet:-1, max-image-preview:large, max-video-preview:-1\" \/>\n<link rel=\"canonical\" href=\"https:\/\/produccionssubmarines.com\/es\/artistas\/arc-de-triomf\/\" \/>\n<meta property=\"og:locale\" content=\"es_ES\" \/>\n<meta property=\"og:type\" content=\"article\" \/>\n<meta property=\"og:title\" content=\"Arc de Triomf - Produccions Submarines\" \/>\n<meta property=\"og:description\" content=\"Arc de Triomf nace en el 2018 cuando los hermanos Olek y Wojtek Burek, que con m\u00e1s de 10 a\u00f1os juntos de bagaje en los escenarios y giras internacionales con el grupo Daylight (2004-2016), unen fuerzas con V\u00edctor Vera, Noel Campillo, Joan Biosca, Arnau Morell y Gerard Serrano para hacer m\u00fasica festiva y alegre. La [&hellip;]\" \/>\n<meta property=\"og:url\" content=\"https:\/\/produccionssubmarines.com\/es\/artistas\/arc-de-triomf\/\" \/>\n<meta property=\"og:site_name\" content=\"Produccions Submarines\" \/>\n<meta property=\"article:publisher\" content=\"https:\/\/es-es.facebook.com\/ProduccionsSubmarines\/\" \/>\n<meta property=\"article:modified_time\" content=\"2023-03-09T07:59:14+00:00\" \/>\n<meta name=\"twitter:card\" content=\"summary_large_image\" \/>\n<meta name=\"twitter:label1\" content=\"Tiempo de lectura\" \/>\n\t<meta name=\"twitter:data1\" content=\"2 minutos\" \/>\n<script type=\"application\/ld+json\" class=\"yoast-schema-graph\">{\"@context\":\"https:\/\/schema.org\",\"@graph\":[{\"@type\":\"WebPage\",\"@id\":\"https:\/\/produccionssubmarines.com\/es\/artistas\/arc-de-triomf\/\",\"url\":\"https:\/\/produccionssubmarines.com\/es\/artistas\/arc-de-triomf\/\",\"name\":\"Arc de Triomf - Produccions Submarines\",\"isPartOf\":{\"@id\":\"https:\/\/produccionssubmarines.com\/es\/#website\"},\"datePublished\":\"2023-03-08T14:58:03+00:00\",\"dateModified\":\"2023-03-09T07:59:14+00:00\",\"breadcrumb\":{\"@id\":\"https:\/\/produccionssubmarines.com\/es\/artistas\/arc-de-triomf\/#breadcrumb\"},\"inLanguage\":\"es\",\"potentialAction\":[{\"@type\":\"ReadAction\",\"target\":[\"https:\/\/produccionssubmarines.com\/es\/artistas\/arc-de-triomf\/\"]}]},{\"@type\":\"BreadcrumbList\",\"@id\":\"https:\/\/produccionssubmarines.com\/es\/artistas\/arc-de-triomf\/#breadcrumb\",\"itemListElement\":[{\"@type\":\"ListItem\",\"position\":1,\"name\":\"Inici\",\"item\":\"https:\/\/produccionssubmarines.com\/es\/\"},{\"@type\":\"ListItem\",\"position\":2,\"name\":\"Artistes\",\"item\":\"https:\/\/produccionssubmarines.com\/es\/artistas\/\"},{\"@type\":\"ListItem\",\"position\":3,\"name\":\"Arc de Triomf\"}]},{\"@type\":\"WebSite\",\"@id\":\"https:\/\/produccionssubmarines.com\/es\/#website\",\"url\":\"https:\/\/produccionssubmarines.com\/es\/\",\"name\":\"Produccions Submarines\",\"description\":\"Empresa de Management Musical\",\"publisher\":{\"@id\":\"https:\/\/produccionssubmarines.com\/es\/#organization\"},\"potentialAction\":[{\"@type\":\"SearchAction\",\"target\":{\"@type\":\"EntryPoint\",\"urlTemplate\":\"https:\/\/produccionssubmarines.com\/es\/?s={search_term_string}\"},\"query-input\":{\"@type\":\"PropertyValueSpecification\",\"valueRequired\":true,\"valueName\":\"search_term_string\"}}],\"inLanguage\":\"es\"},{\"@type\":\"Organization\",\"@id\":\"https:\/\/produccionssubmarines.com\/es\/#organization\",\"name\":\"Produccions Submarines\",\"alternateName\":\"Empresa Management Musical\",\"url\":\"https:\/\/produccionssubmarines.com\/es\/\",\"logo\":{\"@type\":\"ImageObject\",\"inLanguage\":\"es\",\"@id\":\"https:\/\/produccionssubmarines.com\/es\/#\/schema\/logo\/image\/\",\"url\":\"https:\/\/produccionssubmarines.com\/wp-content\/uploads\/2023\/06\/cropped-isotipo.png\",\"contentUrl\":\"https:\/\/produccionssubmarines.com\/wp-content\/uploads\/2023\/06\/cropped-isotipo.png\",\"width\":512,\"height\":512,\"caption\":\"Produccions Submarines\"},\"image\":{\"@id\":\"https:\/\/produccionssubmarines.com\/es\/#\/schema\/logo\/image\/\"},\"sameAs\":[\"https:\/\/es-es.facebook.com\/ProduccionsSubmarines\/\",\"https:\/\/www.instagram.com\/produccions_submarines\/\"]}]}<\/script>\n<!-- \/ Yoast SEO plugin. -->","yoast_head_json":{"title":"Arc de Triomf - Produccions Submarines","robots":{"index":"index","follow":"follow","max-snippet":"max-snippet:-1","max-image-preview":"max-image-preview:large","max-video-preview":"max-video-preview:-1"},"canonical":"https:\/\/produccionssubmarines.com\/es\/artistas\/arc-de-triomf\/","og_locale":"es_ES","og_type":"article","og_title":"Arc de Triomf - Produccions Submarines","og_description":"Arc de Triomf nace en el 2018 cuando los hermanos Olek y Wojtek Burek, que con m\u00e1s de 10 a\u00f1os juntos de bagaje en los escenarios y giras internacionales con el grupo Daylight (2004-2016), unen fuerzas con V\u00edctor Vera, Noel Campillo, Joan Biosca, Arnau Morell y Gerard Serrano para hacer m\u00fasica festiva y alegre. La [&hellip;]","og_url":"https:\/\/produccionssubmarines.com\/es\/artistas\/arc-de-triomf\/","og_site_name":"Produccions Submarines","article_publisher":"https:\/\/es-es.facebook.com\/ProduccionsSubmarines\/","article_modified_time":"2023-03-09T07:59:14+00:00","twitter_card":"summary_large_image","twitter_misc":{"Tiempo de lectura":"2 minutos"},"schema":{"@context":"https:\/\/schema.org","@graph":[{"@type":"WebPage","@id":"https:\/\/produccionssubmarines.com\/es\/artistas\/arc-de-triomf\/","url":"https:\/\/produccionssubmarines.com\/es\/artistas\/arc-de-triomf\/","name":"Arc de Triomf - Produccions Submarines","isPartOf":{"@id":"https:\/\/produccionssubmarines.com\/es\/#website"},"datePublished":"2023-03-08T14:58:03+00:00","dateModified":"2023-03-09T07:59:14+00:00","breadcrumb":{"@id":"https:\/\/produccionssubmarines.com\/es\/artistas\/arc-de-triomf\/#breadcrumb"},"inLanguage":"es","potentialAction":[{"@type":"ReadAction","target":["https:\/\/produccionssubmarines.com\/es\/artistas\/arc-de-triomf\/"]}]},{"@type":"BreadcrumbList","@id":"https:\/\/produccionssubmarines.com\/es\/artistas\/arc-de-triomf\/#breadcrumb","itemListElement":[{"@type":"ListItem","position":1,"name":"Inici","item":"https:\/\/produccionssubmarines.com\/es\/"},{"@type":"ListItem","position":2,"name":"Artistes","item":"https:\/\/produccionssubmarines.com\/es\/artistas\/"},{"@type":"ListItem","position":3,"name":"Arc de Triomf"}]},{"@type":"WebSite","@id":"https:\/\/produccionssubmarines.com\/es\/#website","url":"https:\/\/produccionssubmarines.com\/es\/","name":"Produccions Submarines","description":"Empresa de Management Musical","publisher":{"@id":"https:\/\/produccionssubmarines.com\/es\/#organization"},"potentialAction":[{"@type":"SearchAction","target":{"@type":"EntryPoint","urlTemplate":"https:\/\/produccionssubmarines.com\/es\/?s={search_term_string}"},"query-input":{"@type":"PropertyValueSpecification","valueRequired":true,"valueName":"search_term_string"}}],"inLanguage":"es"},{"@type":"Organization","@id":"https:\/\/produccionssubmarines.com\/es\/#organization","name":"Produccions Submarines","alternateName":"Empresa Management Musical","url":"https:\/\/produccionssubmarines.com\/es\/","logo":{"@type":"ImageObject","inLanguage":"es","@id":"https:\/\/produccionssubmarines.com\/es\/#\/schema\/logo\/image\/","url":"https:\/\/produccionssubmarines.com\/wp-content\/uploads\/2023\/06\/cropped-isotipo.png","contentUrl":"https:\/\/produccionssubmarines.com\/wp-content\/uploads\/2023\/06\/cropped-isotipo.png","width":512,"height":512,"caption":"Produccions Submarines"},"image":{"@id":"https:\/\/produccionssubmarines.com\/es\/#\/schema\/logo\/image\/"},"sameAs":["https:\/\/es-es.facebook.com\/ProduccionsSubmarines\/","https:\/\/www.instagram.com\/produccions_submarines\/"]}]}},"_links":{"self":[{"href":"https:\/\/produccionssubmarines.com\/es\/wp-json\/wp\/v2\/artistes\/1389","targetHints":{"allow":["GET"]}}],"collection":[{"href":"https:\/\/produccionssubmarines.com\/es\/wp-json\/wp\/v2\/artistes"}],"about":[{"href":"https:\/\/produccionssubmarines.com\/es\/wp-json\/wp\/v2\/types\/artistes"}],"wp:attachment":[{"href":"https:\/\/produccionssubmarines.com\/es\/wp-json\/wp\/v2\/media?parent=1389"}],"curies":[{"name":"wp","href":"https:\/\/api.w.org\/{rel}","templated":true}]}}

<p>Arc de Triomf nace en el 2018 cuando los hermanos Olek y Wojtek Burek, que con más de 10 años juntos de bagaje en los escenarios y giras internacionales con el grupo Daylight (2004-2016), unen fuerzas con Víctor Vera, Noel Campillo, Joan Biosca, Arnau Morell y Gerard Serrano para hacer música festiva y alegre. </p>



<p>La personalidad del grupo es bien palpable, ya que su energía se ha contagiado a fiestas populares, festivales y salas de toda la geografía Catalana con su primer LP «Nascuts per Molestar» (febrero de 2020), donde los ADT hacen un cóctel de sus influencias jugando con ritmos de Rock y Mestizaje con una finalidad clara: las actuaciones en directo. Singles como «Per Un Món» o «L&#8217;estiu Torna de Nou» reciben una amplia exposición radiofónica en los principales medios de los países catalanes con apariciones en televisión, actos culturales y una nominación a Mejor Álbum de Pop-Rock de los premios Enderrock 2023.<br>Después de firmar con Produccions Submarines, emprenden una gira extensa que les lleva por escenarios de todo el territorio agotando entradas en la ciudad de Barcelona y encendiendo las fiestas mayores de todas partes con un final de gira emocionante en el Estadio Olímpico Lluïs Companys durante las fiestas de la Mercè.</p>



<p>En junio del año 2021, los Arc de Triomf firman con la discográfica Música Global y comienzan a trabajar en su próximo proyecto: «Bales Perdudes». 10 piezas escritas por los hermanos Burek que producen en familia con Noel Campillo en el estudio «La Vall».<br>Durante el año 2022 el grupo publica anticipos con videoclip de canciones como «La Matinada», «Pols Estelar » o «Vuelva a encontrar» y recorren 20 ciudades, descargando toda la energía e intensidad en un show lleno de luz y espectáculo que hace bailar plazas y festivales. </p>



<p>Su último single «¿De què Vas?» da el pistoletazo de salida al año 2023 que promete que sea muy intenso por los ADT que actuarán en escenarios internacionales en Eslovenia, Holanda y Suiza además de recorrer, una vez más todo el territorio catalán. <br>¡Está invitado!</p>

<!-- This site is optimized with the Yoast SEO plugin v26.7 - https://yoast.com/wordpress/plugins/seo/ -->
<title>Arc de Triomf - Produccions Submarines</title>
<meta name="robots" content="index, follow, max-snippet:-1, max-image-preview:large, max-video-preview:-1" />
<link rel="canonical" href="https://produccionssubmarines.com/es/artistas/arc-de-triomf/" />
<meta property="og:locale" content="es_ES" />
<meta property="og:type" content="article" />
<meta property="og:title" content="Arc de Triomf - Produccions Submarines" />
<meta property="og:description" content="Arc de Triomf nace en el 2018 cuando los hermanos Olek y Wojtek Burek, que con más de 10 años juntos de bagaje en los escenarios y giras internacionales con el grupo Daylight (2004-2016), unen fuerzas con Víctor Vera, Noel Campillo, Joan Biosca, Arnau Morell y Gerard Serrano para hacer música festiva y alegre. La [&hellip;]" />
<meta property="og:url" content="https://produccionssubmarines.com/es/artistas/arc-de-triomf/" />
<meta property="og:site_name" content="Produccions Submarines" />
<meta property="article:publisher" content="https://es-es.facebook.com/ProduccionsSubmarines/" />
<meta property="article:modified_time" content="2023-03-09T07:59:14+00:00" />
<meta name="twitter:card" content="summary_large_image" />
<meta name="twitter:label1" content="Tiempo de lectura" />
	<meta name="twitter:data1" content="2 minutos" />
<script type="application/ld+json" class="yoast-schema-graph">{"@context":"https://schema.org","@graph":[{"@type":"WebPage","@id":"https://produccionssubmarines.com/es/artistas/arc-de-triomf/","url":"https://produccionssubmarines.com/es/artistas/arc-de-triomf/","name":"Arc de Triomf - Produccions Submarines","isPartOf":{"@id":"https://produccionssubmarines.com/es/#website"},"datePublished":"2023-03-08T14:58:03+00:00","dateModified":"2023-03-09T07:59:14+00:00","breadcrumb":{"@id":"https://produccionssubmarines.com/es/artistas/arc-de-triomf/#breadcrumb"},"inLanguage":"es","potentialAction":[{"@type":"ReadAction","target":["https://produccionssubmarines.com/es/artistas/arc-de-triomf/"]}]},{"@type":"BreadcrumbList","@id":"https://produccionssubmarines.com/es/artistas/arc-de-triomf/#breadcrumb","itemListElement":[{"@type":"ListItem","position":1,"name":"Inici","item":"https://produccionssubmarines.com/es/"},{"@type":"ListItem","position":2,"name":"Artistes","item":"https://produccionssubmarines.com/es/artistas/"},{"@type":"ListItem","position":3,"name":"Arc de Triomf"}]},{"@type":"WebSite","@id":"https://produccionssubmarines.com/es/#website","url":"https://produccionssubmarines.com/es/","name":"Produccions Submarines","description":"Empresa de Management Musical","publisher":{"@id":"https://produccionssubmarines.com/es/#organization"},"potentialAction":[{"@type":"SearchAction","target":{"@type":"EntryPoint","urlTemplate":"https://produccionssubmarines.com/es/?s={search_term_string}"},"query-input":{"@type":"PropertyValueSpecification","valueRequired":true,"valueName":"search_term_string"}}],"inLanguage":"es"},{"@type":"Organization","@id":"https://produccionssubmarines.com/es/#organization","name":"Produccions Submarines","alternateName":"Empresa Management Musical","url":"https://produccionssubmarines.com/es/","logo":{"@type":"ImageObject","inLanguage":"es","@id":"https://produccionssubmarines.com/es/#/schema/logo/image/","url":"https://produccionssubmarines.com/wp-content/uploads/2023/06/cropped-isotipo.png","contentUrl":"https://produccionssubmarines.com/wp-content/uploads/2023/06/cropped-isotipo.png","width":512,"height":512,"caption":"Produccions Submarines"},"image":{"@id":"https://produccionssubmarines.com/es/#/schema/logo/image/"},"sameAs":["https://es-es.facebook.com/ProduccionsSubmarines/","https://www.instagram.com/produccions_submarines/"]}]}</script>
<!-- / Yoast SEO plugin. -->

Arc de Triomf nace en el 2018 cuando los hermanos Olek y Wojtek Burek, que con más de 10 años juntos de bagaje en los escenarios y giras internacionales con el grupo Daylight (2004-2016), unen fuerzas con Víctor Vera, Noel Campillo, Joan Biosca, Arnau Morell y Gerard Serrano para hacer música festiva y alegre. La [&hellip;]
